850. Calculate the greatest common factor of n and 7957.
73
Let d(t) = 4*t**2 - 8*t - 100. Let f be (-87)/9 - (-1 - (-2)/6). Let q be d(f). What is the highest common divisor of 8 and q?
8
Suppose 74*p + 1950 = 113*p. What is the greatest common divisor of p and 875?
25
Suppose -3*l - 7338 = -7443. Calculate the highest common divisor of 3815 and l.
35
Let p(x) = 3*x**2 - 8*x + 3. Let l be p(6). Suppose 3*r + 82 = 103. Suppose -9*h + r = -74. Calculate the greatest common divisor of l and h.
9
Suppose 2*q + 0*q - 98 = 2*z, 4*q = 3*z + 194. Let p = 1511 + -1520. Let d = p + q. Calculate the highest common divisor of 95 and d.
19
Let d be (27/6)/(24/64). Let v = d + -10. Suppose s = -i + 22, -v*s - 3 = -5*i - 40. What is the greatest common divisor of 3 and s?
3
Suppose -4*i - 138 = -2*c, -4*c + 3*i - i = -246. Let d be ((-166)/(-5))/((-154)/(-385)). Let z = d - c. What is the highest common factor of z and 36?
12
Let g(y) = 11284*y + 466. Let h be g(1). Calculate the greatest common divisor of h and 94.
94
Let z(n) = 4*n**2 - 24*n + 34. Let m be z(-15). Suppose 9*d = 1001 + m. What is the highest common factor of d and 60?
15
Let w = 498 - 146. Suppose m = -5*j + 27, -3*m - 2*j = 2*m - 112. Calculate the highest common divisor of m and w.
22
Suppose 35*w - 174*w = -543212. Calculate the highest common factor of 4 and w.
4
Suppose 3*m + 4*t = 8, -2*t - 22 = -9*m + 4*m. Suppose m*z = 21 - 9. Let x be -1 + (z + 11)/2. Calculate the highest common factor of 78 and x.
6
Let c(y) = 41 - 28 - 5 + 38*y - 148 - 115. Let q be c(8). What is the greatest common factor of 112 and q?
7
Suppose 273*p + 45 = 282*p. Suppose 15*m + 124 = 17*m + 4*b, p*b - 191 = -3*m. Calculate the greatest common factor of 792 and m.
72
Let s(y) = -28*y - 13*y + 56*y - 7. Let k be s(2). What is the highest common factor of k and 92?
23
Let b = -3445 - -4201. Calculate the greatest common divisor of 1092 and b.
84
Let x(v) = -v**2 + 44*v + 1605. Let o be x(-20). What is the greatest common divisor of o and 1235?
65
Suppose 9*n - 11*n = -5*k + 1538, 4*n - 1264 = -4*k. What is the greatest common factor of k and 2976?
62
Suppose 5*j + 2628 = 3*y - 1512, 6900 = 5*y + 2*j. Calculate the greatest common factor of y and 36.
12
Suppose v - w + 138 = -v, 0 = 3*v + 3*w + 216. Let g be (5/(v/(-176)))/(47/329). What is the greatest common factor of g and 154?
22
Let y be 351/(-26)*16/(-6). Suppose s = 5*i - 495, -130*s = 3*i - 126*s - 297. What is the highest common divisor of i and y?
9
Let f = 2581 + -25. What is the highest common divisor of 9 and f?
9
Suppose -3*a + 0*a + 660 = 0. Suppose -4*i + 5*x - x = -360, i + 5*x - 78 = 0. What is the highest common divisor of i and a?
44
Suppose 12*r - 23*r + 1116 = 20*r. Calculate the greatest common divisor of 556 and r.
4
Let j = -146 - -151. Suppose -j*n = 2*v - 150, 3*n - 8*n + v + 165 = 0. Let s = -19 + 67. What is the highest common divisor of s and n?
16
Suppose 74 = 27*o - 23*o + k, 3*k = -o + 13. Calculate the greatest common divisor of o and 18.
1
Let q = 18530 + -10082. What is the greatest common divisor of 66 and q?
66
Let b(d) = d**3 + 11*d**2 + 3*d + 24. Let l be b(-10). Suppose -4*m = -4*s + 6*s - 20, -5*s + m + l = 0. What is the greatest common divisor of s and 120?
6
Let o = -369 - -444. Let n(s) = s**2 + 6*s + 44. Let p be n(-8). Calculate the greatest common divisor of o and p.
15
Let d = 168 - 163. Suppose d*w + 0*w = -3*x + 193, -41 = -w - 3*x. Calculate the highest common factor of w and 836.
38
Let d be (-18)/(-9*5/(-60) + 0). Let s be -35*3*d/45. Calculate the highest common factor of s and 7.
7
Let w = 16855 + -16370. Calculate the greatest common factor of 97 and w.
97
Let j(m) = -m**2 + m. Let d(h) = 4*h**2 - 4*h - 11. Let y(t) = d(t) + 3*j(t). Let p be y(-22). What is the greatest common factor of p and 33?
33
Let u be (-5 + 3 - -2 - -3) + 2. Let v(o) = o**2 + 11*o - 7. Let s be -13*1 - (-2 + 1 + 0). Let g be v(s). What is the greatest common factor of g and u?
5
Let j = 46778 + -46730. Let l(u) = 4*u**2 - 4. Let y(o) = -o**2 + 1. Let c be y(2). Let t be l(c). What is the highest common divisor of j and t?
16
Suppose 0 = -250*a + 306*a - 5712. Calculate the highest common factor of a and 444.
6
Let m = 55 + -48. Let i(g) = -g**3 + 8*g**2 - 3*g - 10. Let s be i(m). Let b be 1/3 + (9870/s)/5. Calculate the greatest common divisor of b and 11.
11
Let m = 6840 - 6749. Calculate the highest common factor of 2847 and m.
13
Let v be (15/2)/(11/110). Let i = -72 + v. Calculate the greatest common divisor of i and 9.
3
Let k be 3/(137/34 + -4). What is the highest common divisor of k and 75?
3
Let d(n) = -42*n + 1. Let x be d(-2). Suppose 0 = 2*t + 2*h - 42, 0 = -t - 2*t - 4*h + 67. Calculate the greatest common factor of x and t.
17
Suppose 3*u = 4*q - 282, -q - 3*u = -84 + 6. Let g = q - -176. Calculate the greatest common factor of 62 and g.
62
Let u be 0 - 5/(-10)*-262. Let m = u + 132. Let d = 32 - m. What is the highest common factor of d and 93?
31
Suppose 0 = -n - 5*o + 20, n + 50 = o + 58. Calculate the highest common factor of 2485 and n.
5
Let t = 5361 - 5360. Calculate the greatest common divisor of 167 and t.
1
Suppose -3*k + 83*c + 394 = 81*c, 5*c + 114 = k. Calculate the highest common divisor of 1809 and k.
67
Suppose -4*y - 77 + 61 = 0, -2*a = y - 1724. Suppose -a = -30*s + 22*s. What is the highest common factor of s and 243?
27
Suppose -i - 15 + 304 = t, 5*t = -3*i + 1443. Let j be (-324)/(-72)*(-368)/(-207). What is the greatest common divisor of t and j?
8
Suppose -483 = 10*a - 1383. Suppose 5*q = a + 330. What is the greatest common factor of 105 and q?
21
Let v = 30124 - 30047. What is the highest common divisor of v and 483?
7
Let g(f) = 5*f**2 + 148*f + 848. Let q be g(-6). Calculate the greatest common divisor of q and 455.
35
Suppose 2*w - 24512 = -i, -3*w + 30505 = -5*i - 6237. What is the highest common divisor of 22 and w?
22
Let t be -44 + 2 - (-5)/5. Let o = t + 43. Suppose -l = 3*x - 17, -o*l + x + 2*x + 7 = 0. Calculate the highest common factor of 8 and l.
8
Let x be (-24)/(-108) + 70/9. Let l = -59 - -78. Suppose -5*g + 4*u = -140, 2*g - 58 + l = 5*u. What is the highest common divisor of g and x?
8
Suppose 0 = -2*a + g + 506 - 29, 0 = 5*a + g - 1182. Let w = a - -257. What is the highest common divisor of w and 26?
26
Suppose -50*m + 2100 + 600 = 0. Calculate the greatest common factor of m and 150.
6
Let s(t) be the third derivative of t**5/30 - 13*t**4/24 + 125*t**3/6 + 6*t**2 + 7. Let r be s(7). Calculate the highest common divisor of 99 and r.
33
Suppose 54*m = -328*m + 56*m + 1956. Suppose -2*x + 4*x = -2, -2 = k + 4*x. What is the highest common factor of k and m?
2
Let t(o) be the first derivative of -o**4/4 + 2*o**3 - 4*o**2 + 33*o + 81. Let h be t(5). Calculate the greatest common factor of 450 and h.
18
Suppose -3*f + 744 = 3*l, 5*f = 6*l - l - 1200. Let j = l - 233. What is the greatest common factor of j and 11?
11
Let h = 883 - 571. Suppose 37*m - 39*m = -48. What is the highest common divisor of h and m?
24
Suppose -4*a + c = 25, -a - a - 25 = -3*c. Let g be (a - 11/(-1)) + 4. What is the highest common divisor of 85 and g?
5
Let f(d) = d**2 + 70*d - 2332. Let k be f(26). What is the highest common factor of k and 32?
4
Suppose 3*t = 4*o + 292, 7*t + 170 = 3*o + 902. What is the highest common divisor of t and 27?
27
Let b = 238 - 233. Suppose -b*j = 4*n + 173 - 753, -4*n - 348 = -3*j. What is the greatest common divisor of j and 29?
29
Let h be ((-91)/42 - -4) + (-2)/(-12). Suppose 4*r - 7*d - 184 = -3*d, h*r - 4*d - 96 = 0. Calculate the greatest common factor of r and 66.
22
Suppose a = 5*i - 668 - 655, -6*a - 18 = 0. Calculate the greatest common divisor of i and 3894.
66
Let y(h) = -46*h - 2296. Let c be y(-55). What is the highest common factor of 29133 and c?
117
Suppose 4*i + 3*l - 7*l = 196, -4*i + 187 = -l. Calculate the highest common divisor of 1633 and i.
23
Let z = 4241 - 3925. Calculate the highest common divisor of z and 188.
4
Let g be (374/88)/17 + (-3)/(-12)*1179. Calculate the highest common divisor of g and 1947.
59
Let s = -17 - -32. Let i(a) = -2*a - 16. Let p be i(-2). Let b = s + p. Calculate the highest common factor of 21 and b.
3
Let n = -51 